ivided by 163?
125
What is the remainder when 169 is divided by 19?
17
What is the remainder when 188 is divided by 49?
41
Calculate the remainder when 746 is divided by 30.
26
Calculate the remainder when 953 is divided by 53.
52
Calculate the remainder when 68 is divided by 11.
2
What is the remainder when 226 is divided by 23?
19
What is the remainder when 992 is divided by 113?
88
What is the remainder when 990 is divided by 42?
24
Calculate the remainder when 50 is divided by 18.
14
Calculate the remainder when 3362 is divided by 75.
62
What is the remainder when 486 is divided by 28?
10
Calculate the remainder when 148 is divided by 83.
65
Calculate the remainder when 69 is divided by 7.
6
Calculate the remainder when 171 is divided by 16.
11
What is the remainder when 253 is divided by 61?
9
Calculate the remainder when 59 is divided by 15.
14
Calculate the remainder when 1052 is divided by 518.
16
What is the remainder when 389 is divided by 39?
38
Calculate the remainder when 5936 is divided by 180.
176
Calculate the remainder when 25083 is divided by 14.
9
Calculate the remainder when 4317 is divided by 18.
15
Calculate the remainder when 781 is divided by 28.
25
What is the remainder when 518 is divided by 122?
30
What is the remainder when 96 is divided by 42?
12
Calculate the remainder when 454 is divided by 138.
40
Calculate the remainder when 214 is divided by 27.
25
Calculate the remainder when 15295 is divided by 15.
10
Calculate the remainder when 348 is divided by 35.
33
What is the remainder when 7685 is divided by 7?
6
Calculate the remainder when 482 is divided by 69.
68
Calculate the remainder when 208 is divided by 11.
10
Calculate the remainder when 309 is divided by 4.
1
What is the remainder when 74 is divided by 6?
2
What is the remainder when 569 is divided by 31?
11
What is the remainder when 114 is divided by 46?
22
What is the remainder when 4177 is divided by 44?
41
Calculate the remainder when 1680 is divided by 91.
42
Calculate the remainder when 2894 is divided by 22.
12
Calculate the remainder when 1342 is divided by 134.
2
Calculate the remainder when 68 is divided by 36.
32
What is the remainder when 1714 is divided by 536?
106
What is the remainder when 7691 is divided by 179?
173
What is the remainder when 54 is divided by 15?
9
What is the remainder when 218 is divided by 28?
22
What is the remainder when 44520 is divided by 17?
14
Calculate the remainder when 258 is divided by 28.
6
What is the remainder when 10960 is divided by 126?
124
What is the remainder when 55 is divided by 17?
4
What is the remainder when 299 is divided by 31?
20
What is the remainder when 958 is divided by 18?
4
What is the remainder when 2579 is divided by 129?
128
What is the remainder when 114 is divided by 5?
4
What is the remainder when 1534 is divided by 128?
126
Calculate the remainder when 267 is divided by 9.
6
Calculate the remainder when 105 is divided by 53.
52
What is the remainder when 3696 is divided by 309?
297
What is the remainder when 1847 is divided by 12?
11
Calculate the remainder when 25312 is divided by 61.
58
What is the remainder when 187 is divided by 51?
34
Calculate the remainder when 118 is divided by 42.
34
What is the remainder when 342 is divided by 66?
12
What is the remainder when 22 is divided by 9?
4
What is the remainder when 97 is divided by 50?
47
Calculate the remainder when 318 is divided by 54.
48
What is the remainder when 1687 is divided by 109?
52
Calculate the remainder when 909 is divided by 13.
12
What is the remainder when 121 is divided by 44?
33
What is the remainder when 7546 is divided by 12?
10
Calculate the remainder when 501 is divided by 164.
9
Calculate the remainder when 1508 is divided by 105.
38
What is the remainder when 896 is divided by 39?
38
What is the remainder when 1848 is divided by 50?
48
What is the remainder when 27953 is divided by 6988?
1
What is the remainder when 170 is divided by 43?
41
Calculate the remainder when 177 is divided by 110.
67
What is the remainder when 3695 is divided by 1844?
7
Calculate the remainder when 6057 is divided by 202.
199
Calculate the remainder when 1410 is divided by 36.
6
Calculate the remainder when 172 is divided by 37.
24
What is the remainder when 284 is divided by 15?
14
What is the remainder when 390 is divided by 132?
126
What is the remainder when 7837 is divided by 56?
53
Calculate the remainder when 146 is divided by 52.
42
What is the remainder when 1962 is divided by 647?
21
What is the remainder when 242 is divided by 86?
70
What is the remainder when 144 is divided by 21?
18
Calculate the remainder when 19070 is divided by 64.
62
Calculate the remainder when 19965 is divided by 256.
253
Calculate the remainder when 83 is divided by 56.
27
Calculate the remainder when 188 is divided by 8.
4
Calculate the remainder when 480 is divided by 21.
18
Calculate the remainder when 105 is divided by 1.
0
What is the remainder when 868 is divided by 230?
178
What is the remainder when 142 is divided by 44?
10
What is the remainder when 71 is divided by 15?
11
What is the remainder when 43 is divided by 9?
7
Calculate the remainder when 3913 is divided by 262.
245
What is the remainder when 755 is divided by 42?
41
What is the remainder when 201 is divided by 39?
6
Calculate the remainder when 9280 is divided by 13.
11
What is the remainder when 392 is divided by 31?
20
What is the remainder when 1949 is divided by 13?
12
What is the remainder when 804 is divided by 113?
13
What is the remainder when 87 is divided by 38?
11
What is the remainder when 1832 is divided by 317?
247
Calculate the remainder when 351 is divided by 44.
43
Calculate the remainder when 8598 is divided by 172.
170
Calculate the remainder when 1272 is divided by 33.
18
Calculate the remainder when 112 is divided by 25.
12
What is the remainder when 449 is divided by 10?
9
What is the remainder when 32 is divided by 9?
5
What is the remainder when 441 is divided by 12?
9
What is the remainder when 490 is divided by 56?
42
What is the remainder when 583 is divided by 73?
72
Calculate the remainder when 178 is divided by 152.
26
What is the remainder when 735 is divided by 68?
55
Calculate the remainder when 34 is divided by 25.
9
Calculate the remainder when 98 is divided by 34.
30
Calculate the remainder when 121 is divided by 17.
2
What is the remainder when 13 is divided by 2?
1
Calculate the remainder when 614 is divided by 89.
80
What is the remainder when 276 is divided by 31?
28
Calculate the remainder when 518 is divided by 23.
12
Calculate the remainder when 454 is divided by 160.
134
Calculate the remainder when 269 is divided by 45.
44
What is the remainder when 727 is divided by 123?
112
What is the remainder when 75 is divided by 6?
3
What is the remainder when 13689 is divided by 4563?
0
Calculate the remainder when 338 is divided by 88.
74
What is the remainder when 112 is divided by 35?
7
Calculate the remainder when 386 is divided by 39.
35
Calculate the remainder when 40 is divided by 33.
7
What is the remainder when 194 is divided by 68?
58
Calculate the remainder when 85 is divided by 68.
17
Calculate the remainder when 1210 is divided by 394.
28
What is the remainder when 8546 is divided by 45?
41
Calculate the remainder when 3578 is divided by 63.
50
What is the remainder when 331 is divided by 16?
11
What is the remainder when 304 is divided by 301?
3
Calculate the remainder when 185 is divided by 92.
1
Calculate the remainder when 532 is divided by 76.
0
What is the remainder when 2842 is divided by 18?
16
Calculate the remainder when 1233 is divided by 113.
103
What is the remainder when 2051 is divided by 61?
38
What is the remainder when 325 is divided by 48?
37
What is the remainder when 4723 is divided by 50?
23
Calculate the remainder when 184 is divided by 16.
8
What is the remainder when 439 is divided by 58?
33
Calculate the remainder when 361 is divided by 46.
39
Calculate the remainder when 310 is divided by 73.
18
What is the remainder when 395 is divided by 33?
32
Calculate the remainder when 325 is divided by 3.
1
What is the remainder when 2805 is divided by 61?
60
What is the remainder when 542 is divid